ate the highest common factor of 2120 and 901.
53
What is the highest common factor of 436 and 9148?
4
What is the highest common factor of 140766 and 5046?
174
What is the greatest common factor of 1617 and 9251?
11
Calculate the greatest common factor of 170912 and 8.
8
Calculate the greatest common divisor of 49 and 1379399.
49
Calculate the highest common divisor of 56565 and 1080.
135
What is the highest common divisor of 170142 and 42?
42
Calculate the greatest common factor of 14742 and 2938.
26
What is the greatest common divisor of 952 and 5593?
119
What is the highest common factor of 28167 and 43968?
687
Calculate the greatest common divisor of 694644 and 1926.
642
What is the greatest common factor of 15283 and 15997?
17
What is the greatest common divisor of 756 and 4212054?
378
What is the highest common factor of 1160 and 20760?
40
What is the greatest common divisor of 180 and 8390?
10
Calculate the highest common factor of 2439064 and 8.
8
Calculate the greatest common factor of 28 and 9450.
14
What is the greatest common factor of 228218 and 265?
53
What is the greatest common factor of 287 and 4797?
41
Calculate the highest common divisor of 137124 and 468.
468
Calculate the greatest common divisor of 224 and 1134.
14
Calculate the greatest common factor of 192685 and 12460.
445
What is the highest common factor of 893 and 137945?
47
Calculate the highest common factor of 192 and 8988.
12
What is the highest common factor of 118 and 19234?
118
Calculate the highest common divisor of 508 and 83439.
127
What is the highest common divisor of 14667036 and 12?
12
What is the highest common divisor of 15 and 7970?
5
What is the greatest common divisor of 413851 and 743?
743
What is the greatest common divisor of 82668 and 972?
12
Calculate the greatest common divisor of 26846 and 37014.
62
Calculate the greatest common divisor of 65 and 39335.
5
What is the highest common divisor of 176175 and 945?
135
What is the greatest common factor of 211736 and 133?
133
Calculate the greatest common divisor of 624 and 30160.
208
What is the highest common factor of 15 and 65020?
5
Calculate the greatest common divisor of 29696 and 754.
58
Calculate the highest common divisor of 10291 and 697.
41
What is the greatest common divisor of 1816 and 80?
8
What is the greatest common divisor of 16 and 155608?
8
Calculate the highest common divisor of 115 and 126845.
115
What is the highest common factor of 198 and 12087?
9
What is the highest common factor of 220 and 398420?
220
Calculate the greatest common divisor of 752 and 1894852.
188
What is the highest common divisor of 105 and 32055?
15
What is the greatest common divisor of 11 and 127831?
11
Calculate the highest common divisor of 16 and 527984.
16
What is the greatest common divisor of 1224 and 4200?
24
Calculate the highest common factor of 10 and 2313040.
10
What is the highest common divisor of 261 and 1377819?
261
Calculate the highest common divisor of 105 and 369390.
105
Calculate the highest common divisor of 5485841 and 41.
41
Calculate the highest common factor of 32 and 17616.
16
Calculate the greatest common divisor of 2728 and 403.
31
What is the highest common factor of 157891 and 82?
41
Calculate the greatest common divisor of 3160574 and 5890.
1178
What is the highest common factor of 46 and 3230925?
23
What is the greatest common factor of 1932 and 2772?
84
Calculate the greatest common divisor of 216 and 32040.
72
Calculate the highest common factor of 2680 and 12240.
40
What is the highest common factor of 8075 and 646?
323
Calculate the greatest common divisor of 459 and 4239.
27
Calculate the highest common divisor of 74870 and 10.
10
What is the greatest common factor of 6625 and 11395?
265
What is the highest common factor of 23519 and 29?
29
Calculate the greatest common divisor of 137942 and 44604.
826
What is the greatest common factor of 236 and 97468?
236
Calculate the greatest common factor of 7908 and 52.
4
What is the highest common factor of 210 and 109935?
105
What is the highest common divisor of 546156 and 30?
6
What is the highest common factor of 13378831 and 19?
19
What is the greatest common factor of 3210344 and 973?
139
Calculate the greatest common factor of 18529 and 21.
7
What is the greatest common divisor of 151360 and 29920?
1760
Calculate the highest common factor of 988 and 522938.
26
Calculate the greatest common factor of 1340400 and 120.
120
What is the highest common divisor of 2373 and 14577?
339
What is the highest common factor of 31400 and 4?
4
Calculate the highest common divisor of 46005 and 225.
15
Calculate the highest common divisor of 1536 and 10656.
96
What is the highest common divisor of 180625 and 1250?
625
Calculate the highest common divisor of 1677 and 11973.
39
Calculate the greatest common factor of 14896 and 42.
14
What is the greatest common factor of 168171 and 348?
87
Calculate the highest common factor of 69 and 5911.
23
What is the greatest common factor of 12848 and 1232?
176
Calculate the greatest common factor of 20027 and 35.
7
Calculate the greatest common factor of 52925 and 8.
1
Calculate the highest common divisor of 3248 and 1904.
112
What is the greatest common divisor of 216 and 1643952?
24
Calculate the highest common factor of 207857 and 22243.
767
What is the highest common divisor of 174 and 319?
29
What is the greatest common factor of 2014576 and 164?
164
Calculate the greatest common factor of 1040 and 1235.
65
Calculate the highest common divisor of 166476 and 108.
12
Calculate the greatest common divisor of 1539304 and 4332.
1444
Calculate the highest common factor of 64771 and 49.
7
Calculate the greatest common divisor of 1821 and 27.
3
What is the greatest common divisor of 60130 and 490?
70
Calculate the highest common factor of 1430 and 550.
110
What is the greatest common divisor of 2944 and 49013?
23
Calculate the highest common factor of 142921 and 131.
131
What is the highest common factor of 9405 and 1485?
495
What is the greatest common divisor of 3464 and 179695?
433
What is the greatest common factor of 5495 and 119?
7
What is the highest common factor of 14404 and 28964?
52
What is the greatest common factor of 20025 and 300?
75
What is the greatest common divisor of 138 and 246?
6
Calculate the greatest common factor of 897 and 529.
23
What is the highest common factor of 43877 and 3944?
493
Calculate the greatest common factor of 7499 and 33.
1
Calculate the highest common divisor of 52468 and 221.
13
Calculate the highest common factor of 79514 and 7185.
479
Calculate the highest common divisor of 501 and 145958.
167
What is the greatest common factor of 1914 and 6873?
87
What is the highest common factor of 37275 and 7665?
105
Calculate the greatest common factor of 41571 and 279.
279
What is the greatest common factor of 374 and 349877?
187
What is the greatest common factor of 851316 and 2196?
732
What is the greatest common factor of 990 and 2580?
30
What is the highest common factor of 4942 and 798?
14
What is the highest common divisor of 4754528 and 32?
32
Calculate the greatest common factor of 55 and 15103.
11
Calculate the greatest common factor of 9782 and 949.
73
What is the greatest common divisor of 31572 and 3924?
36
Calculate the greatest common factor of 171797 and 149.
149
What is the highest common factor of 1726050 and 5920?
370
What is the highest common divisor of 1886 and 2208?
46
Calculate the highest common factor of 69978 and 981.
327
Calculate the greatest common divisor of 826 and 12862.
118
What is the greatest common factor of 70224 and 231?
231
Calculate the highest common divisor of 5523 and 7602.
21
What is the highest common factor of 416 and 260?
52
Calculate the greatest common divisor of 9516 and 156.
156
Calculate the greatest common factor of 2190055 and 3773.
343
Calculate the highest common divisor of 288068 and 44.
44
Calculate the greatest common divisor of 160 and 26280.
40
Calculate the greatest common factor of 1920 and 10820.
20
Calculate the highest common divisor of 50547 and 13363.
581
What is the greatest common divisor of 1 and 11983?
1
What is the highest common divisor of 119 and 224791?
119
What is the greatest common 